{"id":3380,"date":"2024-09-06T11:04:22","date_gmt":"2024-09-06T09:04:22","guid":{"rendered":"https:\/\/hama-perlen.de\/hamaneu\/?post_type=product&#038;p=3380"},"modified":"2024-09-08T10:05:11","modified_gmt":"2024-09-08T08:05:11","slug":"8240-display","status":"publish","type":"product","link":"https:\/\/hama-perlen.de\/hamaneu\/product\/8240-display\/","title":{"rendered":"8240 Display"},"content":{"rendered":"<p>38 Stiftplatten im Display<\/p>\n<p>Enth\u00e4lt je 5 Stck. von Nr. 8206, 8214, 8220 und 8222.<\/p>\n<p>Displaygr\u00f6\u00dfe: 18x18x18 cm<\/p>\n<p>Umkarton: 1 Display<\/p>\n","protected":false},"excerpt":{"rendered":"<p>38 Stiftplatten im Display Enth\u00e4lt je 5 Stck. von Nr. 8206, 8214, 8220 und 8222. Displaygr\u00f6\u00dfe:.<\/p>\n","protected":false},"featured_media":3700,"template":"","meta":[],"etheme_brands":[{"term_id":47,"name":"Display","slug":"display","term_group":0,"term_taxonomy_id":47,"taxonomy":"brand","description":"","parent":0,"count":11,"filter":"raw"},{"term_id":53,"name":"Stiftplatten","slug":"stiftplatten01","term_group":0,"term_taxonomy_id":53,"taxonomy":"brand","description":"","parent":0,"count":159,"filter":"raw"}],"product_brand":[],"product_cat":[15],"product_tag":[165,107],"class_list":{"0":"post-3380","1":"product","2":"type-product","3":"status-publish","4":"has-post-thumbnail","6":"brand-display","7":"brand-stiftplatten01","8":"product_cat-display","9":"product_tag-display","10":"product_tag-stiftplatte","12":"first","13":"instock","14":"taxable","15":"shipping-taxable","16":"purchasable","17":"product-type-simple"},"_links":{"self":[{"href":"https:\/\/hama-perlen.de\/hamaneu\/wp-json\/wp\/v2\/product\/3380","targetHints":{"allow":["GET"]}}],"collection":[{"href":"https:\/\/hama-perlen.de\/hamaneu\/wp-json\/wp\/v2\/product"}],"about":[{"href":"https:\/\/hama-perlen.de\/hamaneu\/wp-json\/wp\/v2\/types\/product"}],"version-history":[{"count":1,"href":"https:\/\/hama-perlen.de\/hamaneu\/wp-json\/wp\/v2\/product\/3380\/revisions"}],"predecessor-version":[{"id":3403,"href":"https:\/\/hama-perlen.de\/hamaneu\/wp-json\/wp\/v2\/product\/3380\/revisions\/3403"}],"wp:featuredmedia":[{"embeddable":true,"href":"https:\/\/hama-perlen.de\/hamaneu\/wp-json\/wp\/v2\/media\/3700"}],"wp:attachment":[{"href":"https:\/\/hama-perlen.de\/hamaneu\/wp-json\/wp\/v2\/media?parent=3380"}],"wp:term":[{"taxonomy":"brand","embeddable":true,"href":"https:\/\/hama-perlen.de\/hamaneu\/wp-json\/wp\/v2\/etheme_brands?post=3380"},{"taxonomy":"product_brand","embeddable":true,"href":"https:\/\/hama-perlen.de\/hamaneu\/wp-json\/wp\/v2\/product_brand?post=3380"},{"taxonomy":"product_cat","embeddable":true,"href":"https:\/\/hama-perlen.de\/hamaneu\/wp-json\/wp\/v2\/product_cat?post=3380"},{"taxonomy":"product_tag","embeddable":true,"href":"https:\/\/hama-perlen.de\/hamaneu\/wp-json\/wp\/v2\/product_tag?post=3380"}],"curies":[{"name":"wp","href":"https:\/\/api.w.org\/{rel}","templated":true}]}}